the greatest common divisor of y and s.
1
Let b = 999 - 652. Suppose b = 2*g + 43. What is the highest common divisor of 57 and g?
19
Let r(m) = 5*m**3 - 68*m**2 - 3*m + 30. Let i be r(14). What is the highest common divisor of 532 and i?
76
Let t(a) = -a**2 - 11*a. Let s(f) = 4*f + f + 0*f - 3 + 8. Let x be s(-2). Let d be t(x). What is the greatest common divisor of 15 and d?
15
Let q = 4964 - 4316. What is the greatest common factor of 8 and q?
8
Let j(k) = k**2 + 10*k - 42. Let a be j(-14). Let z(b) = b**3 - 13*b**2 - 8*b - 14. Let n be z(a). What is the greatest common factor of n and 10?
10
Suppose -4*s = 3*j - 25, -5*s = -5*j - 1 - 4. Let f be (1/1)/(s/220). Let x be (0 + (-4)/(-4))*(0 + 5). Calculate the greatest common factor of f and x.
5
Let w be 13 + -16 - (-4)/2. Let t be w*(-6 - -4 - 35). What is the highest common divisor of 148 and t?
37
Let c be 54592/84 + (-14)/(-147). Let d be ((-3)/6)/((-5)/c). Calculate the highest common factor of d and 585.
65
Let b(q) = q + 1. Let c(u) = 11*u - 84. Let g(x) = 5*b(x) - c(x). Let m be g(10). Calculate the greatest common divisor of m and 261.
29
Suppose -3*h - 51612 = -20*h. What is the highest common factor of h and 330?
66
Let p(v) = -4*v**3 + 341*v**2 - 338*v - 93. Let w be p(84). Calculate the highest common factor of 45 and w.
45
Suppose -s + 18*s - 51 = 0. Suppose 35 = a - s*t, -10*t = 5*a - 8*t - 90. Calculate the highest common divisor of 16 and a.
4
Let o(s) = s**3 + 8*s**2 + 9*s - 3. Let t = -1 - 29. Let w = t + 24. Let f be o(w). Calculate the highest common factor of f and 60.
15
Let t be (-57)/1*(-22)/66. Suppose -21*d = -t*d - 60. Calculate the highest common divisor of d and 6.
6
Suppose v + 1138 = -10*v + 1171. What is the highest common divisor of v and 8?
1
Let f = 7709 - 7109. Calculate the greatest common divisor of 2625 and f.
75
Let m be 1008/84 + (-2)/1. Suppose 440 = 6*l - 2*l. What is the greatest common divisor of m and l?
10
Let k(t) = -8 - 14 + 24*t - 2*t + 11. Let d be k(2). Let r(a) = 10*a**2 - a. Let x be r(-1). Calculate the highest common divisor of d and x.
11
Let s be 18/(-21)*41/(615/(-4725)). What is the highest common divisor of s and 12?
6
Let v(l) = 16*l**2 + 3*l + 1. Let h be v(1). Suppose 2*f = -4*c + 904, 3*c + 795 + 1057 = 4*f. Calculate the greatest common factor of h and f.
20
Suppose 2*h - 1406 = 21*h. Let v = h - -144. What is the greatest common factor of v and 170?
10
Let o = 6436 - 4456. Calculate the highest common factor of o and 720.
180
Let j = 722 + -719. Suppose 0 = f + 4*g - 88, -3*f - j*g = -7*f + 447. What is the greatest common divisor of 96 and f?
12
Let t = 14020 + -10904. What is the greatest common factor of 4 and t?
4
Let t be 4/(-26) + (10 - -2)/((-208)/(-72)). What is the highest common divisor of 71 and t?
1
Let c be ((-324)/90 - -4)/((-13044)/(-3260) + -4). Calculate the highest common divisor of c and 9943.
163
Suppose 0 = 232*c - 19930 - 12927 - 17023. Calculate the highest common divisor of c and 55.
5
Let q(c) = -c**3 - c**2 + 7*c + 3. Let l be q(-3). Suppose -8*j + 325 + 555 = l. Calculate the greatest common divisor of j and 66.
22
Let x = -141 - -152. Let a be 214 - (-7 + x - 9). What is the highest common factor of 73 and a?
73
Let o = 15018 + -12342. What is the greatest common divisor of 48 and o?
12
Suppose -13*z - 104*z - 227*z = -11696. Calculate the highest common divisor of z and 12002.
34
Suppose -40 = -w - 34. Let f be 144*((8 - w) + -1). What is the greatest common divisor of f and 18?
18
Let o = -80 - -124. Let s be (-22)/((o/(-32))/(-11)). Let a be 32/s + 268/22. Calculate the highest common factor of 12 and a.
12
Let h(q) = -q**3 + 8*q**2 + 6*q - 30. Let c(k) = -k**3 + 4*k**2 + 10*k + 20. Let t be c(6). Let j be h(t). Calculate the highest common factor of 48 and j.
6
Let i be 122/(-1769) + (-263)/(-29). What is the highest common divisor of 576 and i?
9
Suppose 5*s = 2*t + 4639, -2761 = 35*s - 38*s - 2*t. What is the greatest common divisor of s and 125?
25
Let o = 6450 - 5904. Calculate the highest common factor of 210 and o.
42
Let a(u) = -u + 1. Let d be a(0). Let v be d*11*(9 + -7). Let l be 245/(-49) + (-2 - -249)/1. Calculate the greatest common divisor of v and l.
22
Suppose -3*s + 5*y = 3445, -81 = 2*y - 91. Let t = 2147 + s. Calculate the greatest common divisor of 19 and t.
19
Let o = -2413 + 2457. Let k(v) = -v**3 + 4*v**2 - 2*v + 1. Let m be (-12)/(-8)*4/2. Let d be k(m). What is the highest common factor of o and d?
4
Let x be (-12 - 130/(-10)) + 65. What is the greatest common factor of x and 1826?
22
Let z be 35/14*(66/(-110))/(1/(-96)). Calculate the highest common factor of z and 332.
4
Let d be (-4088)/(-12) - 1/(-3). Let p(l) = 3*l + 43. Let f be p(-4). Calculate the greatest common divisor of d and f.
31
Let y = 7080 + -7075. Calculate the highest common divisor of y and 2210.
5
Let r(y) be the third derivative of 0 + 11/24*y**4 + 0*y - 4/3*y**3 + 12*y**2. Let g be r(4). Calculate the greatest common factor of 12 and g.
12
Suppose 4*b = -3*a + 112, 301 = 5*a + 4*b + 117. What is the highest common factor of a and 1629?
9
Let a = 109 + -22. Let g = a - 81. Calculate the greatest common factor of g and 54.
6
Suppose 70 - 82 = 4*b. Let d be (2 + b/2)*30/3. Let a(q) = 2*q**2 + 3*q. Let h be a(-4). What is the greatest common factor of d and h?
5
Suppose d = -2*d - v + 139, 5*d + 4*v = 220. Let b be 4/14 - 502/(-7). What is the highest common factor of b and d?
24
Let w(u) = -u**3 + 2*u + 15. Let n = -846 - -843. Let k be w(n). What is the highest common factor of 12 and k?
12
Suppose 3*j + 56 = 5*r, 0 = -22*r + 26*r - 5*j - 50. Let i be 6/(-3 - (-15)/4). What is the greatest common factor of i and r?
2
Let m be (0 + 2)*(5/2 + -3). Let b be (750/9*m)/((-16)/24). Calculate the highest common factor of b and 50.
25
Let u = 785 - 771. Let y be (-60)/(-14) - 22/77. Suppose -y*n + 36 = 4*h, 4*h + 62 = 3*n - 0*h. Calculate the greatest common factor of n and u.
14
Let g = 294 - 292. Let f be -6*g*(-33)/12. What is the highest common factor of 121 and f?
11
Let d be 892/60*3 - 4/(-10). Suppose 14*l + d = 17*l. Let b be 1/5 - (-2397)/l. What is the highest common divisor of b and 20?
20
Let w(b) = -658*b - 3060. Let o be w(-5). Calculate the greatest common factor of 230 and o.
230
Suppose -171 = 35*s - 559 - 312. Let m = 226 - 56. What is the highest common factor of s and m?
10
Suppose -p = -4*u - 17, 0 = -27*p + 31*p + 5*u - 110. Let z = -7 - -28. Let g = p - z. Calculate the greatest common factor of 44 and g.
4
Suppose 54*p = 80*p - 25480. Calculate the highest common divisor of 672 and p.
28
Let a = 10269 + -10075. Calculate the greatest common factor of a and 97.
97
Let k = -4221 + 4231. Calculate the highest common factor of k and 6250.
10
Let q be ((-15)/(-18))/(2/12). Suppose -9 = 2*v + q. Let p(s) = s**2 + 5*s - 5. Let z be p(v). What is the greatest common factor of z and 144?
9
Suppose 4*i = 5*t + 517, i + 4*i = -2*t + 638. Let z be 455/14*(-6)/3. Let r = z - -81. What is the highest common divisor of i and r?
16
Let x be ((-6)/12)/(2/(-20)). Suppose o - 62 - 34 = 0. Suppose -i - 2*i + o = -3*j, x*i + 5*j = 160. Calculate the highest common factor of i and 4.
4
Let f = 2128 - 2048. What is the greatest common factor of f and 1000?
40
Let f = 89 + 59. Suppose 0*w - 4*w - y + 599 = 0, -w - 2*y = -f. Suppose -u - 4*a = -0*u - 136, u = 3*a + w. Calculate the highest common divisor of u and 18.
18
Suppose 8*x - 5314 = 3926. Suppose l + 2*l = x. What is the greatest common divisor of 35 and l?
35
Let m(f) = -f**2 + 7*f + 16. Suppose -4*w - 5*u + 17 = 0, -5*w + 19 = -5*u - 36. Let b be m(w). What is the highest common divisor of b and 64?
8
Suppose -h - l = h - 324, -h - 3*l + 162 = 0. Let m = -16445 - -16451. What is the greatest common factor of m and h?
6
Let s = -149 - -3386. Calculate the greatest common divisor of s and 39.
39
Let j(y) = -3*y + 75. Let n = -136 + 157. Let i be j(n). Calculate the greatest common factor of 456 and i.
12
Let g(a) = -7*a + 792. Let m be g(22). Calculate the greatest common factor of m and 1421.
29
Let k(l) = -10*l - 18. Let s be k(-2). Suppose -s*a + 125 + 115 = 0. Calculate the highest common divisor of 24 and a.
24
Let w = -87 - -97. Let i = 